 Calculate d(-3).
-6
Let n(i) = -i**3 - 9*i**2 - 7*i - 9. Let m = 1047 + -1055. Calculate n(m).
-17
Let m be (-2)/10 - (-1)/5. Suppose 15 = 5*z - 3*s, -2*z + z - s - 5 = m. Let b(v) = -v. What is b(z)?
0
Let g(b) = -b**2 - 29*b - 79. Let r(c) = -2*c**2 + c - 2. Let a(z) = -g(z) - r(z). Determine a(-5).
16
Let z(i) = -9*i - 7. Let w(q) = 38*q**2 + 952*q + 46. Let r be w(-25). What is z(r)?
29
Let c(y) = y**3 - y**2 - 7 - 2*y + y**2 + 5*y + 7*y**2. Calculate c(-6).
11
Let n(u) = u**3 + 5*u**2 + 4*u + 5. Let z be 6/(-12)*14 - (11 - 8)*-1. What is n(z)?
5
Let s(o) be the second derivative of -o**5/10 - 3*o**4/4 - 5*o**3/3 + 9*o**2/2 - o + 1334. Give s(-4).
33
Suppose 4*h + 2*r + 714 = 0, 0 = -32*h + 29*h - 4*r - 538. Let p = -172 - h. Let i(m) = m**2 - 5*m - 9. Give i(p).
-3
Let l(c) = c**3 + c**2 + 4. Let f be 4*3/((-12)/(-16)). Suppose -2*b - o = -6*b + f, -2*o - 17 = -3*b. Let m be 0*((-32)/(-12) - b). Calculate l(m).
4
Let f(u) = -63*u + 1. Let b(n) = -377*n + 10. Let h(v) = -b(v) + 6*f(v). Let a be (-40)/12 + (-2)/3. Give h(a).
0
Let s(o) = 905*o + 411. Let v(j) = -772*j - 411. Let r(m) = 6*s(m) + 7*v(m). Calculate r(16).
5
Let v = 542 - 540. Let c(t) = 7*t**3 - 3*t - t**v - 20*t**3 + 4*t**2 + 12*t**3. Give c(3).
-9
Let a(n) be the second derivative of n**4/12 - 5*n**3/6 - 6*n**2 + 83*n - 11. What is a(-4)?
24
Suppose -10*u - 579 = -519. Let l(a) = -9*a - 44. Determine l(u).
10
Suppose b = 4*f - 330, 5*f + b + 248 = 8*f. Let t be (246/(-4))/(15/20). Let g = t + f. Let p(m) = -m - 11. Determine p(g).
-11
Suppose -35 = -5*h + 5*q, -h - 18 = -4*h + 4*q. Suppose -6*r + 3 = -h*r + d, 4*d = -5*r + 12. Let x(j) = r*j**2 - 101 + 102 + j**2 + j**3. Calculate x(0).
1
Let o(m) = -m**2 - 13*m - 13. Let j = -195 - -335. Let y = -152 + j. Determine o(y).
-1
Let t(x) be the second derivative of -3*x**5/2 - x**4/6 + 5*x**2/2 - 12073*x. Calculate t(0).
5
Let h(f) = -f**2 + 15*f + 25. Let c(w) = -w**3 - 13*w**2 - 51*w - 72. Let r be c(-8). What is h(r)?
9
Let g(a) = -a**2 + a - 7. Let t(u) = u. Let l(b) = g(b) + 4*t(b). Suppose 0 = 2*c - 8, z - 2 = -5*c + 17. Let d(q) = -q + 5. Let i be d(z). Determine l(i).
-13
Let d(k) be the first derivative of k**5/30 - k**4/8 - 2*k**3/3 - 2*k**2 + 147. Let m(i) be the second derivative of d(i). Calculate m(3).
5
Let p(a) = 5*a + 12. Let s = 30 - 22. Let z(v) = 7*v + 18. Let b(d) = s*p(d) - 5*z(d). Let k(t) = -14*t - 19. Let n(i) = 11*b(i) + 4*k(i). Give n(-8).
-2
Let d(q) = -q**3 + 12*q**2 - 4*q + 442. Let m be d(14). Let c(v) = 3*v - 8. What is c(m)?
-26
Let j(v) = 10*v**2 - 36*v + 23. Let s(f) = -f**3 - 49*f**2 + 197*f - 114. Let g(p) = -11*j(p) - 2*s(p). Calculate g(6).
-13
Let u(x) be the third derivative of x**5/60 - x**4/12 - x**3/6 - 218*x**2. Suppose -3*g = p + 4, -44 = -p - 2*p + 5*g. Suppose 0 = -2*q - 0 + p. Determine u(q).
7
Let z(p) be the first derivative of p**3/3 - 5*p**2/2 + 7*p - 7973. Give z(11).
73
Let y be -2*(-15)/(-10)*15. Let d = -42 - y. Let s(c) = d*c**2 + 4 + c + 4 - 3*c + c**3 - 11. What is s(-3)?
3
Suppose 5*j - 227 = -4*y - 43, 0 = 3*y + 12. Let s(u) = u**3 - 9*u + 44*u**2 - 10 + 48*u**2 - 138*u**2 + j*u**2. Determine s(7).
-24
Let b(d) = -d**3 + 6*d**2 + 12*d + 47. Let n be b(8). Suppose 2*x = 6*x - 2*t - 18, -2*x - t = -n. Let r(w) = 6*w - 31. What is r(x)?
5
Suppose 48 = 4*v - 2*b + 30, 5*v = 5*b + 10. Let j(c) = c**2 + 3*c - 39. Give j(v).
31
Suppose -4*k + 4 = 2*s, 4*s + 18 = 5*k - 0*s. Let z(u) = u**k - 2*u - 3 + 5 + u**2. Suppose -5*m - 8 = -18. Give z(m).
6
Let w(g) = -487 - g - 482 - g**3 - 484 + 18*g - 9*g**2 + 1429. What is w(-11)?
31
Let c = -381 + 390. Let n(s) = -s - 2. Let l(r) = -r**2 + 11*r + 20. Let t(z) = l(z) + 5*n(z). Determine t(c).
-17
Let m = 66 + -126. Let h = m + 57. Let k(q) = -9*q + 2 + 23*q - 13*q. Calculate k(h).
-1
Let o(h) = -h - 3. Suppose -14 = -3*t + l, -t = 5*l + 35 - 13. Let b be 1 - t - ((-64)/8 + 11). What is o(b)?
2
Let t(a) = -1113398*a + 1113390*a - 11 + 0*a**2 - a**2. Calculate t(-6).
1
Let b(z) = 0*z + z - 3*z + 4*z - 4. Suppose -4*m - 2*p - 22 = 0, 38 = 5*m - p + 69. Give b(m).
-16
Let w(m) be the first derivative of m**3/3 - 7*m**2/2 + 5*m + 1326. Suppose b = -l + 6*b + 20, -3*l + b = -18. Let z = l + 2. Calculate w(z).
5
Let q(s) = s**2 + 3*s + 3. Let g be q(-4). Let k(r) be the second derivative of -r**3/6 + 9*r**2/2 - 14220*r. What is k(g)?
2
Let c(i) = -3*i**2 - 6*i - 7. Suppose -19*q + 14 = -22*q + 2*w, 0 = -5*w + 20. Determine c(q).
-7
Let h(x) = 3*x - 56. Let s(a) = -222*a - 10670. Let q be s(-48). Give h(q).
-98
Suppose -5*s - 50*z + 55*z = -65, 0 = 5*s - 2*z - 50. Let p(v) be the first derivative of v**4/4 - 8*v**3/3 + v**2 - 9*v - 2. Determine p(s).
7
Suppose 2*r = o, 0*o + 9 = -3*o - 3*r. Suppose 0 = 7*d - d - 5*d. Let t(w) = -1 - 290*w + d + 287*w. Calculate t(o).
5
Let p = 83 + -49. Let o(v) = 20 + 2*v + 17 - 3*v - p. Let r(w) = -2*w**2 + 9*w - 15. Let h be r(2). Determine o(h).
8
Let o(j) = j. Let x(u) = 5*u - 19. Let c(n) = 3*o(n) - x(n). Let v(i) = -36*i - 1180. Let z be v(-33). Determine c(z).
3
Let p(r) be the second derivative of -29*r**3/6 - r**2 + 2327*r. Determine p(-1).
27
Let l(a) = a**3 + 8*a**2 + 7*a - 10. Suppose -3*v + 4*w + 5 + 260 = 0, 195 = 2*v + w. Suppose 28*g - v = 33*g. Let t = g + 12. Determine l(t).
-10
Let z(r) = 7*r**2 - 27*r - 2. Let m(u) = -8*u**2 + 30*u + 1. Let w(d) = 6*m(d) + 7*z(d). Suppose 4*f + 3*f = 70. Give w(f).
2
Let d(f) = 2*f**3 + 445*f**2 + 1962*f + 1. Let k be d(-218). Let o(h) = 3*h + 3. Let c(s) = -3*s - 2. Let u(z) = 9*c(z) + 6*o(z). Give u(k).
-9
Let q(g) = -21*g + 99. Let z be (-23 - 29 - -54)*5/2. What is q(z)?
-6
Suppose -23*k = -24*k + 57. Let p(d) = -k*d**2 - 7 + 6 - d**3 + 56*d**2 + 2. Calculate p(1).
-1
Let y be (8 + (-161)/21)*-27. Let w(p) = p**3 + 10*p**2 + 4*p - 35. Determine w(y).
10
Let r = -223 + 214. Let p(y) = -4*y - 43. Let h be p(r). Let d(a) = -a**2 - 6*a + 9. Calculate d(h).
2
Let a(m) = 2*m + m**3 + 1492283*m**2 - 2 + 1 - 1492288*m**2. Let n(w) = w**3 - 5*w**2 + 4*w + 4. Let g be n(4). Determine a(g).
-9
Let n(t) = 1. Let x(a) = a**2 + 14*a + 31. Let m(s) = -3*n(s) + x(s). Let p be m(-11). Let k(i) = -2*i + 1. Give k(p).
11
Let a(x) = x**3 - 5*x**2 + 2*x - 8. Let r be a(5). Let c(o) = -178*o + 168*o - 25 + o**r + 9. What is c(12)?
8
Suppose -63 + 73 = -z. Let l(y) = -6*y + 12. Let a(h) = h + 2. Let s(c) = z*a(c) - 2*l(c). Calculate s(19).
-6
Let w(x) = -x + 33. Let j(b) = -98. Let n(i) = -4*j(i) - 11*w(i). Let y(a) = 5*a + 14. Let s(k) = -6*n(k) + 13*y(k). Give s(12).
-4
Let d(w) = -w**3 - 3*w**2 + 54*w + 109. Let x be d(-2). Let u(v) = 6*v + 3. Let h(b) = -13*b - 5. Let y(o) = 3*h(o) + 5*u(o). What is y(x)?
27
Suppose -4*h + s = -255, h + 3*s = -0*s + 54. Suppose 0 = 3*o + 12 + h. Let q = o - -31. Let u(j) = j**3 - 6*j**2 - 3*j + 8. Calculate u(q).
-10
Suppose 30 - 200 = -5*c. Let d = c + -38. Let v(a) = -82 - 76 + 155 - 5*a. What is v(d)?
17
Let x(m) = 9*m**2 - 7. Let a be x(0). Let d(o) = -7*o**2 + o - 11. Let l(u) = 13*u**2 - u + 21. Let s(t) = -11*d(t) - 6*l(t). Determine s(a).
-19
Let i(c) = 2*c. Let t be i(1). Let a(w) = 10*w**2 - w**3 - 97*w + t*w**2 + 96*w + 15. Let u(l) = 13*l**3 + l**2 - l - 1. Let x be u(1). Give a(x).
3
Suppose -2*b + 5*q + 827 = 0, -b = -2*b - q + 396. Let a = 399 - b. Let u(z) = -4*z + 1. Give u(a).
9
Let c(y) = 60*y**2 + 35*y - 21. Let i(w) = 11*w**2 + 7*w - 4. Let d(j) = 2*c(j) - 11*i(j). Suppose -4*b = u + 7, b + 23 = -3*u + 2. What is d(u)?
2
Let s(x) = -2*x**2 - 13*x - 13. Let j be s(-5). Suppose j = -14*z + 12*z. Let t(o) be the first derivative of 3*o**4/2 + o**2/2 + 1. What is t(z)?
-7
Let s(t) = -9*t - 143. Let v be 327/1526 + 4/112*-6. What is s(v)?
-143
Let v be ((-1)/(7/(-12)))/(16/(-168)). Let z be v*(-3)/12*(-120)/(-18). Suppose -t + z - 31 = 0. Let x(f) = f + 1. What is x(t)?
0
Let r(i) = i**2 - i - 7. Let n(v) = 5*v - 28. Let a be n(14). Suppose a*c = 41*c + 9. Suppose 3*l - 2*l = 3*b - c, 4*b = l + 12. Calculate r(l).
-7
Suppose c - 3*p - 48 = 0, 8*p = -4*c + 3*p + 107. Let q(l) = 69 - c + l**2 - 35. Let z be (-7)/(196/80) - 3/21. What is q(z)?
10
Let r(x) = 7*x + 2. Let g(m) = m**2 - 14*m + 72. Let j be g(5). Suppose 5*c = -3*f - j, -2 + 16 = 2*c - 5*f. Calculate r(c).
-19
Let a(m) = 5*m**3 + 10*m**2 - 7*m + 6. Sup